0. What is h(96)?
84
Let b(x) = -4*x - 1003. Determine b(6).
-1027
Let b(y) = 20137*y + 20114. Give b(-1).
-23
Let r(j) = -141*j**2 - 13531*j + 472. What is r(-96)?
-8
Let v(i) = -490*i**2 + 143961*i + 29112. Determine v(294).
6
Let x(v) = 1508*v + 180677. Determine x(-120).
-283
Let y(d) = 6*d**3 + 2*d**2 + 456*d + 949. Determine y(-2).
-3
Let x(d) = 2*d**3 + 472*d**2 + 374*d - 22574. Determine x(-235).
-14
Let t(d) = 172*d**2 - 1834*d - 5299. Give t(13).
-73
Let t(b) = -6*b**3 + 107*b**2 + 575*b - 10004. Determine t(18).
22
Let x(j) = 7*j**3 + 1843*j**2 - 12697*j - 1890. Determine x(-270).
0
Let f(s) = -463*s + 38158. Determine f(92).
-4438
Let j(d) = -95*d**3 + 934*d**2 + 151*d + 57. Give j(10).
-33
Let s(c) = 5*c**3 + 4*c**2 + 3072*c + 12360. What is s(-4)?
-184
Let f(z) = -13713*z + 55009. Determine f(4).
157
Let k(n) = 2*n**2 + 1231*n - 186874. Calculate k(126).
-16
Let s(y) = y**3 + 2*y**2 - 9044*y + 333. What is s(0)?
333
Let r(s) = 6*s**2 - 894*s - 7507. What is r(-8)?
29
Let s(n) = -9119*n - 90404. Determine s(-10).
786
Let v(q) = -36*q**2 - 437*q + 1151. Give v(-15).
-394
Let d(y) = 7*y**3 + 30*y**2 - 112*y + 82. Calculate d(1).
7
Let q(k) = 3*k**3 - 1304*k**2 + 861*k + 3044. Determine q(434).
6
Let j(g) = 1366024*g + 8196150. Give j(-6).
6
Let h(k) = -60*k**2 - 397*k + 1036. What is h(-9)?
-251
Let o(g) = 210*g - 5609. What is o(26)?
-149
Let j(x) = -11823*x - 189177. What is j(-16)?
-9
Let c(z) = 2*z**2 - 13423*z + 80495. Give c(6).
29
Let o(c) = 242*c - 54483. Calculate o(226).
209
Let g(y) = -y**3 + 64*y**2 + 1469*y + 596. Calculate g(82).
22
Let v(l) = l**3 + 9*l**2 - 391*l - 3798. Calculate v(-10).
12
Let o(a) = -21*a**2 - 3572*a + 59. Give o(-170).
399
Let n(d) = 8113*d + 24120. Calculate n(-3).
-219
Let l(a) = -4*a**2 - 9112*a - 126891. Determine l(-14).
-107
Let y(w) = -w**3 - 63*w**2 - 123*w - 52. Calculate y(-61).
9
Let o(g) = 479*g + 59891. Calculate o(-125).
16
Let n(s) = -238*s**2 - 48*s + 247. Give n(5).
-5943
Let c(a) = 2*a**2 - 305*a + 6677. Calculate c(127).
200
Let y(r) = 44*r**2 - 147*r - 602. What is y(-4)?
690
Let b(a) = -a**3 + 252*a**2 - 470*a - 71. Determine b(2).
-11
Let k(c) = 3*c**2 - 663*c + 9252. What is k(206)?
-18
Let a(h) = 24655*h - 172660. Give a(7).
-75
Let a(r) = -32*r**3 + 134*r + 479. What is a(-4)?
1991
Let w(a) = a**2 - 253*a + 3923. What is w(17)?
-89
Let m(n) = -2*n**3 + 885*n**2 + 21896*n + 2801. Give m(466).
5
Let y(v) = 441*v + 5666. Calculate y(-11).
815
Let w(f) = -49713*f - 546894. What is w(-11)?
-51
Let s(t) = -t**2 - 753*t + 139760. What is s(154)?
82
Let h(s) = s**3 + 77*s**2 - 573*s - 454. Determine h(-84).
-1714
Let g(d) = -8*d**3 + d**2 - 79*d - 246. Calculate g(-3).
216
Let q(n) = -n**3 - 223*n**2 - 12305*n - 500. Determine q(-100).
0
Let z(i) = i**3 - 21*i**2 + 1428*i - 26417. Calculate z(19).
-7
Let i(q) = -4425*q - 35414. Calculate i(-8).
-14
Let x(z) = -3*z**2 - 548*z + 10855. Give x(23).
-3336
Let o(a) = 6*a**3 - 613*a**2 + 11311*a - 80. Give o(78).
-2
Let a(r) = -r**3 + r**2 + 17066*r + 51196. Calculate a(-3).
34
Let u(q) = -2*q**2 + 50*q - 1170. Determine u(28).
-1338
Let p(l) = -l**3 - 2*l**2 + 267*l + 1797. What is p(-10)?
-73
Let s(l) = -17*l**2 - 341*l + 760. What is s(-22)?
34
Let a(x) = x**2 - 525*x - 283255. Calculate a(-331).
81
Let h(w) = -2*w**2 + 2089*w + 226425. Calculate h(-99).
12
Let a(d) = d**3 + 141*d**2 + 4984*d + 1336. Give a(-72).
184
Let a(l) = 646*l + 19385. What is a(-30)?
5
Let j(t) = 15159*t + 90975. What is j(-6)?
21
Let f(r) = -23*r**2 + 23478*r - 209442. Give f(9).
-3
Let y(o) = 23550*o + 1624951. What is y(-69)?
1
Let n(y) = y**3 - 123*y**2 - 772*y + 2. Give n(-6).
-10
Let j(g) = 378*g - 37490. Give j(99).
-68
Let k(n) = 8*n**2 - 3915*n - 46600. What is k(501)?
-7
Let d(u) = -u**3 + 135*u**2 - 1696*u - 2. What is d(14)?
-30
Let c(s) = -3*s**3 + 29*s**2 - 595*s - 2147. Calculate c(-3).
-20
Let z(s) = -s**3 - 381*s**2 + 838*s + 27578. What is z(-383)?
2
Let j(p) = 313*p + 15731. Calculate j(-50).
81
Let j(l) = 54581*l + 491223. Give j(-9).
-6
Let l(h) = -h**3 + 22*h**2 + 17*h - 1317. Calculate l(21).
-519
Let z(a) = -22427*a + 22019. What is z(1)?
-408
Let n(z) = -1766374*z - 33561113. Determine n(-19).
-7
Let a(f) = f**3 - 54*f**2 + 150*f - 14739. Determine a(56).
-67
Let r(c) = c**3 - 508*c**2 + 6918*c - 991. Calculate r(494).
-3
Let u(k) = -824*k + 11463. What is u(13)?
751
Let q(d) = d**2 - 3096*d - 1. Calculate q(0).
-1
Let p(j) = 1236*j - 77851. Determine p(63).
17
Let i(p) = 1037*p**3 + 2*p**2 + 72*p + 69. Calculate i(-1).
-1038
Let q(n) = 2*n**3 - 198*n**2 + 4*n - 20423. Calculate q(100).
-23
Let c(d) = 21*d**2 + 2048*d - 12338. Calculate c(6).
706
Let c(l) = 42949*l + 1374372. What is c(-32)?
4
Let h(n) = -6*n**3 + 228*n**2 - 824*n + 283. What is h(34)?
11
Let t(d) = d**3 - 2*d**2 - 1685*d - 6669. What is t(-4)?
-25
Let d(g) = g**2 - 92744*g - 4732539. What is d(-51)?
6
Let m(h) = 190*h - 800. Give m(-2).
-1180
Let r(j) = -j**2 - 16330*j - 32643. Calculate r(-2).
13
Let v(g) = -78*g + 9226. What is v(118)?
22
Let z(v) = 2*v**3 - 17*v**2 - 464*v + 318. Determine z(-12).
-18
Let k(h) = -3*h**2 - 3003*h - 58850. Calculate k(-981).
10
Let w(l) = 9*l**2 + 2040*l - 16388. Give w(8).
508
Let c(d) = 2*d**2 - 1160*d + 115054. What is c(127)?
-8
Let m(h) = -h**3 - h**2 + 6342*h + 19009. What is m(-3)?
1
Let q(x) = -951*x**2 - 26689*x - 1713. Determine q(-28).
-5
Let g(f) = -33*f**3 - 333*f**2 - 12*f + 134. What is g(-10)?
-46
Let b(v) = -v**3 + 84*v**2 - 1235*v + 59820. Determine b(78).
-6
Let l(i) = 2*i**3 - 59*i**2 + 269*i + 183. What is l(7)?
-139
Let w(g) = -2*g**3 - 14*g**2 - 27*g - 160. Give w(-6).
-70
Let c(f) = 3*f**3 + 195*f**2 + 898*f - 107. Calculate c(-60).
13
Let f(m) = -8*m**3 - 27*m**2 - 67*m - 182. Determine f(-6).
976
Let g(c) = -3*c**2 - 1248*c - 2482. Give g(-414).
2
Let a(j) = -j**3 - 26*j**2 + 819*j - 101. Give a(-44).
-1289
Let c(b) = -291041*b + 1455158. What is c(5)?
-47
Let m(x) = -91*x**2 - 718*x + 142. What is m(-7)?
709
Let t(r) = -10*r**3 - 2*r**2 - 3351*r + 6709. What is t(2)?
-81
Let d(l) = 191234*l + 5928206. Calculate d(-31).
-48
Let g(l) = 26203*l + 733687. What is g(-28)?
3
Let k(u) = -u**3 + 452*u**2 - 559*u - 153492. Calculate k(450).
-42
Let i(z) = -3*z**3 - 229*z**2 + 139*z - 205. Give i(-77).
950
Let u(p) = 7*p**3 - 198*p**2 + 955*p - 6. What is u(6)?
108
Let b(c) = -803*c - 11272. Calculate b(-14).
-30
Let n(r) = 510155*r - 11733577. Determine n(23).
-12
Let o(x) = -33*x**3 - 91839*x**2 - 84*x - 233777. Determine o(-2783).
-5
Let i(h) = -3*h**2 + 1400*h + 15385. Determine i(-11).
-378
Let w(x) = 84*x - 11299. Determine w(134).
-43
Let p(n) = n**2 + 15594*n + 342579. What is p(-22)?
-5
Let b(j) = 139*j**3 + 2358*j**2 - 36*j + 41. Give b(-17).
-792
Let g(v) = v**3 + 4*v**2 - 54983*v - 274885. Calculate g(-5).
5
Let z(t) = 5866*t + 3097277. What is z(-528)?
29
Let f(g) = 821*g + 13799. What is f(-15)?
1484
Let l(w) = -380492*w - 7229388. Calculate l(-19).
-40
Let x(c) = -108*c + 1473. Determine x(14).
-39
Let l(z) = z**2 + 455*z - 25732. What is l(52)?
632
Let c(g) = 5474*g - 1904933. What is c(348)?
19
Let v(b) = -3*b**2 - 1459*b + 4407. What is v(3)?
3
Let f(z) = -44615*z + 267695. Calculate f(6).
5
Let i(z) = -z**3 + 30*z**2 - 343*z + 8233. What is i(28)?
197
Let o(n) = -561*n + 73553. Determine o(131).
62
Let j(u) = 39100*u - 4066426. Calculate j(104).
-26
Let s(o) = 3*o**2 + 2248*o - 13521. Calculate s(6).
75
Let j(g) = -16*g**3 + 199*g**2 - 240*g + 41. What is j(1)?
-16
Let c(x) = -68*x**2 - 6793*x + 669. What is c(-100)?
-31
Let l(z) = 511*z - 12440. Give l(23).
-687
Let q(u) = 67*u**2 - 12370*u - 4501. What is q(185)?
124
Let y(q) = -13*q**3 - 4*q**2 + 582*q - 2309. Determine y(4).
-877
Let j(r) = -r**3 - 81*r**2 - 1463*r - 3571. Calculate j(-56).
-43
Let d(i) = 4*i**3 - 38*i**2 + 105*i - 24. Determine d(7).
221
Let r(m) = -311728*m - 623461. Calculate r(-2).
-5
Let h(m) = -93*m**2 + 2730*m - 942. What is h(29)?
15
Let v(r) = -2*r**3 - 51*r**2 - 314*r + 114. Determine v(-15).
99
Let a(j) = 93*j - 8982. Calculate a(96).
-54
Let g(b) = 2504*b - 32970. What is g(12)?
-2922
Let s(g) = -47*g**2 - 478*g - 391. Determine s(-10).
-311
Let k(n) = n**2 - 406*n + 28806. Give k(314).
-82
Let f(n) = -25*n**